{"id":854,"date":"2017-08-29T10:04:57","date_gmt":"2017-08-29T08:04:57","guid":{"rendered":"https:\/\/noveautodiely.sk\/?page_id=854"},"modified":"2018-12-30T21:19:42","modified_gmt":"2018-12-30T20:19:42","slug":"oleje-a-prevadzkove-kvapaliny","status":"publish","type":"page","link":"https:\/\/noveautodiely.sk\/?page_id=854","title":{"rendered":"OLEJE A PREV\u00c1DZKOV\u00c9 KVAPALINY"},"content":{"rendered":"<p style=\"text-align: center;\">Pon\u00fakame oleje, maziv\u00e1 a prev\u00e1dzkov\u00e9 kvapaliny od r\u00f4znych v\u00fdrobcov pre osobn\u00e9 automobily, n\u00e1kladn\u00e9 automobily, motocykle, priemysel, po\u013enohospod\u00e1rsku techniku, stavebn\u00fa techniku a z\u00e1hradn\u00fa techniku.<\/p>\n<p style=\"text-align: center;\">Pre spr\u00e1vny v\u00fdber oleja pre Va\u0161e auto pou\u017eite mazac\u00ed pl\u00e1n dan\u00e9ho v\u00fdrobcu.<\/p>\n<p style=\"text-align: center;\">AGIP|<a href=\"http:\/\/www.aral-lubricants.de\/oelwegweiser\/\">ARAL<\/a>|BP|<a href=\"http:\/\/applications.castrol.com\/oilselector\/cs_cz\/c\/search?_ga=2.220040465.940133556.1496308724-1639878178.1441358853\">CASTROL<\/a>|CAT|CINOL|<a href=\"http:\/\/dexoll.com\/lubeadvice\/sk\/?partner=4\">DEXOLL<\/a>|<a href=\"http:\/\/total-dnk.lubricantadvisor.com\/default.aspx?lang=eng&amp;br=elf\">ELF<\/a>|FEBI BILSTEIN|GULF|GRANDX|<a href=\"http:\/\/lubematch.shell.com\/cz\/cs\/browse\">SHELL<\/a><br \/>\n<a href=\"http:\/\/valvoline-eu.lubricantadvisor.com\/default.aspx?lang=eng\">VALVOLINE<\/a>|<a href=\"https:\/\/www.liqui-moly.com\/en\/olyslager.html\">LIQUI MOLY<\/a>|<a href=\"http:\/\/www.mobil.co.uk\/UK-English-LCW\/carengineoils_which-oil.aspx\">MOBIL<\/a>|MOGUL | <a href=\"http:\/\/www.oelberater.de\/\">MOTUL<\/a> |PARAMO|PETRONAS|<a href=\"http:\/\/rowe-mineraloel.com\/en\/service-tools\/oilfinder\/\">ROWE<\/a>|SLOVNAFT<br \/>\n<a href=\"http:\/\/petronas-uk.ewp.earlweb.net\/en_GB\">SELENIA<\/a> | <a href=\"http:\/\/total-dnk.lubricantadvisor.com\/default.aspx?lang=eng&amp;br=total\">TOTAL<\/a>&nbsp;| <a href=\"http:\/\/www.ravenol.de\/en\/oil-guide.html\">RAVENOL<\/a><\/p>\n<p>&nbsp;<img loading=\"lazy\" class=\"alignnone wp-image-63\" src=\"https:\/\/noveautodiely.sk\/wp-content\/uploads\/2014\/09\/valvoline-150x150.jpg\" alt=\"\" data-wp-pid=\"63\" width=\"120\" height=\"120\" srcset=\"https:\/\/noveautodiely.sk\/wp-content\/uploads\/2014\/09\/valvoline-150x150.jpg 150w, https:\/\/noveautodiely.sk\/wp-content\/uploads\/2014\/09\/valvoline-300x300.jpg 300w, https:\/\/noveautodiely.sk\/wp-content\/uploads\/2014\/09\/valvoline-100x100.jpg 100w, https:\/\/noveautodiely.sk\/wp-content\/uploads\/2014\/09\/valvoline-200x200-cropped.jpg 200w, https:\/\/noveautodiely.sk\/wp-content\/uploads\/2014\/09\/valvoline.jpg 380w\" sizes=\"(max-width: 120px) 100vw, 120px\" \/><img loading=\"lazy\" class=\"alignnone wp-image-62\" src=\"https:\/\/noveautodiely.sk\/wp-content\/uploads\/2014\/09\/total-150x150.jpg\" alt=\"\" data-wp-pid=\"62\" width=\"120\" height=\"120\" srcset=\"https:\/\/noveautodiely.sk\/wp-content\/uploads\/2014\/09\/total-150x150.jpg 150w, https:\/\/noveautodiely.sk\/wp-content\/uploads\/2014\/09\/total-300x300.jpg 300w, https:\/\/noveautodiely.sk\/wp-content\/uploads\/2014\/09\/total-100x100.jpg 100w, https:\/\/noveautodiely.sk\/wp-content\/uploads\/2014\/09\/total-200x200-cropped.jpg 200w, https:\/\/noveautodiely.sk\/wp-content\/uploads\/2014\/09\/total.jpg 380w\" sizes=\"(max-width: 120px) 100vw, 120px\" \/><img loading=\"lazy\" class=\"alignnone wp-image-61\" src=\"https:\/\/noveautodiely.sk\/wp-content\/uploads\/2014\/09\/shell-150x150.jpg\" alt=\"\" data-wp-pid=\"61\" width=\"120\" height=\"120\" srcset=\"https:\/\/noveautodiely.sk\/wp-content\/uploads\/2014\/09\/shell-150x150.jpg 150w, https:\/\/noveautodiely.sk\/wp-content\/uploads\/2014\/09\/shell-300x300.jpg 300w, https:\/\/noveautodiely.sk\/wp-content\/uploads\/2014\/09\/shell-100x100.jpg 100w, https:\/\/noveautodiely.sk\/wp-content\/uploads\/2014\/09\/shell-200x200-cropped.jpg 200w, https:\/\/noveautodiely.sk\/wp-content\/uploads\/2014\/09\/shell.jpg 380w\" sizes=\"(max-width: 120px) 100vw, 120px\" \/><img loading=\"lazy\" class=\"alignnone wp-image-60\" src=\"https:\/\/noveautodiely.sk\/wp-content\/uploads\/2014\/09\/selenia-150x150.jpg\" alt=\"\" data-wp-pid=\"60\" width=\"120\" height=\"120\" srcset=\"https:\/\/noveautodiely.sk\/wp-content\/uploads\/2014\/09\/selenia-150x150.jpg 150w, https:\/\/noveautodiely.sk\/wp-content\/uploads\/2014\/09\/selenia-300x300.jpg 300w, https:\/\/noveautodiely.sk\/wp-content\/uploads\/2014\/09\/selenia-100x100.jpg 100w, https:\/\/noveautodiely.sk\/wp-content\/uploads\/2014\/09\/selenia-200x200-cropped.jpg 200w, https:\/\/noveautodiely.sk\/wp-content\/uploads\/2014\/09\/selenia.jpg 380w\" sizes=\"(max-width: 120px) 100vw, 120px\" \/><img loading=\"lazy\" class=\"alignnone wp-image-59\" src=\"https:\/\/noveautodiely.sk\/wp-content\/uploads\/2014\/09\/repsol-150x150.jpg\" alt=\"\" data-wp-pid=\"59\" width=\"120\" height=\"120\" srcset=\"https:\/\/noveautodiely.sk\/wp-content\/uploads\/2014\/09\/repsol-150x150.jpg 150w, https:\/\/noveautodiely.sk\/wp-content\/uploads\/2014\/09\/repsol-300x300.jpg 300w, https:\/\/noveautodiely.sk\/wp-content\/uploads\/2014\/09\/repsol-100x100.jpg 100w, https:\/\/noveautodiely.sk\/wp-content\/uploads\/2014\/09\/repsol-200x200-cropped.jpg 200w, https:\/\/noveautodiely.sk\/wp-content\/uploads\/2014\/09\/repsol.jpg 380w\" sizes=\"(max-width: 120px) 100vw, 120px\" \/><\/p>\n<p><img loading=\"lazy\" class=\"alignnone wp-image-57\" src=\"https:\/\/noveautodiely.sk\/wp-content\/uploads\/2014\/09\/mobil-150x150.jpg\" alt=\"\" data-wp-pid=\"57\" width=\"120\" height=\"120\" srcset=\"https:\/\/noveautodiely.sk\/wp-content\/uploads\/2014\/09\/mobil-150x150.jpg 150w, https:\/\/noveautodiely.sk\/wp-content\/uploads\/2014\/09\/mobil-300x300.jpg 300w, https:\/\/noveautodiely.sk\/wp-content\/uploads\/2014\/09\/mobil-100x100.jpg 100w, https:\/\/noveautodiely.sk\/wp-content\/uploads\/2014\/09\/mobil.jpg 380w\" sizes=\"(max-width: 120px) 100vw, 120px\" \/><img loading=\"lazy\" class=\"alignnone wp-image-56\" src=\"https:\/\/noveautodiely.sk\/wp-content\/uploads\/2014\/09\/large_motul-logo-150x150.jpg\" alt=\"\" data-wp-pid=\"56\" width=\"120\" height=\"120\" srcset=\"https:\/\/noveautodiely.sk\/wp-content\/uploads\/2014\/09\/large_motul-logo-150x150.jpg 150w, https:\/\/noveautodiely.sk\/wp-content\/uploads\/2014\/09\/large_motul-logo-300x300.jpg 300w, https:\/\/noveautodiely.sk\/wp-content\/uploads\/2014\/09\/large_motul-logo-100x100.jpg 100w, https:\/\/noveautodiely.sk\/wp-content\/uploads\/2014\/09\/large_motul-logo.jpg 380w\" sizes=\"(max-width: 120px) 100vw, 120px\" \/><img loading=\"lazy\" class=\"alignnone wp-image-55\" src=\"https:\/\/noveautodiely.sk\/wp-content\/uploads\/2014\/09\/elf-150x150.jpg\" alt=\"\" data-wp-pid=\"55\" width=\"120\" height=\"120\" srcset=\"https:\/\/noveautodiely.sk\/wp-content\/uploads\/2014\/09\/elf-150x150.jpg 150w, https:\/\/noveautodiely.sk\/wp-content\/uploads\/2014\/09\/elf-300x300.jpg 300w, https:\/\/noveautodiely.sk\/wp-content\/uploads\/2014\/09\/elf-100x100.jpg 100w, https:\/\/noveautodiely.sk\/wp-content\/uploads\/2014\/09\/elf.jpg 380w\" sizes=\"(max-width: 120px) 100vw, 120px\" \/><img loading=\"lazy\" class=\"alignnone wp-image-54\" src=\"https:\/\/noveautodiely.sk\/wp-content\/uploads\/2014\/09\/castrol-150x150.jpg\" alt=\"\" data-wp-pid=\"54\" width=\"120\" height=\"120\" srcset=\"https:\/\/noveautodiely.sk\/wp-content\/uploads\/2014\/09\/castrol-150x150.jpg 150w, https:\/\/noveautodiely.sk\/wp-content\/uploads\/2014\/09\/castrol-300x300.jpg 300w, https:\/\/noveautodiely.sk\/wp-content\/uploads\/2014\/09\/castrol-100x100.jpg 100w, https:\/\/noveautodiely.sk\/wp-content\/uploads\/2014\/09\/castrol.jpg 380w\" sizes=\"(max-width: 120px) 100vw, 120px\" \/><img loading=\"lazy\" class=\"alignnone wp-image-58\" src=\"https:\/\/noveautodiely.sk\/wp-content\/uploads\/2014\/09\/q8-150x150.jpg\" alt=\"\" data-wp-pid=\"58\" width=\"120\" height=\"120\" srcset=\"https:\/\/noveautodiely.sk\/wp-content\/uploads\/2014\/09\/q8-150x150.jpg 150w, https:\/\/noveautodiely.sk\/wp-content\/uploads\/2014\/09\/q8-300x300.jpg 300w, https:\/\/noveautodiely.sk\/wp-content\/uploads\/2014\/09\/q8-100x100.jpg 100w, https:\/\/noveautodiely.sk\/wp-content\/uploads\/2014\/09\/q8.jpg 380w\" sizes=\"(max-width: 120px) 100vw, 120px\" \/><\/p>\n<p style=\"text-align: center;\">ORIGIN\u00c1LNE OLEJE<\/p>\n<p><img loading=\"lazy\" class=\"alignnone size-full wp-image-868\" src=\"https:\/\/noveautodiely.sk\/wp-content\/uploads\/2017\/08\/bmw.png\" alt=\"\" data-wp-pid=\"868\" width=\"59\" height=\"50\"> <img loading=\"lazy\" class=\"alignnone size-full wp-image-869\" src=\"https:\/\/noveautodiely.sk\/wp-content\/uploads\/2017\/08\/ford.png\" alt=\"\" data-wp-pid=\"869\" width=\"100\" height=\"50\"> <img loading=\"lazy\" class=\"alignnone size-full wp-image-870\" src=\"https:\/\/noveautodiely.sk\/wp-content\/uploads\/2017\/08\/mazda_dexelia.png\" alt=\"\" data-wp-pid=\"870\" width=\"100\" height=\"50\"> <img loading=\"lazy\" class=\"alignnone size-full wp-image-871\" src=\"https:\/\/noveautodiely.sk\/wp-content\/uploads\/2017\/08\/opel_gm.png\" alt=\"\" data-wp-pid=\"871\" width=\"59\" height=\"50\">&#8230;.<\/p>\n<p style=\"text-align: center;\">Obzvl\u00e1\u0161\u0165 radi by sme V\u00e1m dali do pozornosti kvalitn\u00e9 oleje, ktor\u00e9 V\u00e1m nezrujnuj\u00fa pe\u0148a\u017eenku.<\/p>\n<p style=\"text-align: center;\">ROWE v\u0161etky normy pre v\u0161etky aut\u00e1 !<\/p>\n<p><iframe width=\"640\" height=\"360\" src=\"https:\/\/www.youtube.com\/embed\/6-Dt3Z2yRf8?feature=oembed\" frameborder=\"0\" allow=\"accelerometer; autoplay; encrypted-media; gyroscope; picture-in-picture\" allowfullscreen><\/iframe><\/p>\n","protected":false},"excerpt":{"rendered":"<p>Pon\u00fakame oleje, maziv\u00e1 a prev\u00e1dzkov\u00e9 kvapaliny od r\u00f4znych v\u00fdrobcov pre osobn\u00e9 automobily, n\u00e1kladn\u00e9 automobily, motocykle, priemysel, po\u013enohospod\u00e1rsku techniku, stavebn\u00fa techniku a z\u00e1hradn\u00fa techniku. Pre spr\u00e1vny v\u00fdber oleja pre Va\u0161e auto pou\u017eite mazac\u00ed pl\u00e1n dan\u00e9ho v\u00fdrobcu. AGIP|ARAL|BP|CASTROL|CAT|CINOL|DEXOLL|ELF|FEBI BILSTEIN|GULF|GRANDX|SHELL VALVOLINE|LIQUI MOLY|MOBIL|MOGUL | MOTUL |PARAMO|PETRONAS|ROWE|SLOVNAFT SELENIA | TOTAL&nbsp;| RAVENOL &nbsp; ORIGIN\u00c1LNE OLEJE &#8230;. Obzvl\u00e1\u0161\u0165 radi by sme V\u00e1m <a href=\"https:\/\/noveautodiely.sk\/?page_id=854\" rel=\"nofollow\"><span class=\"sr-only\">Pre\u010d\u00edta\u0165 viac o OLEJE A PREV\u00c1DZKOV\u00c9 KVAPALINY<\/span>[&hellip;]<\/a><\/p>\n","protected":false},"author":1,"featured_media":0,"parent":75,"menu_order":2,"comment_status":"closed","ping_status":"closed","template":"fullwidth.php","meta":{"ngg_post_thumbnail":0},"_links":{"self":[{"href":"https:\/\/noveautodiely.sk\/index.php?rest_route=\/wp\/v2\/pages\/854"}],"collection":[{"href":"https:\/\/noveautodiely.sk\/index.php?rest_route=\/wp\/v2\/pages"}],"about":[{"href":"https:\/\/noveautodiely.sk\/index.php?rest_route=\/wp\/v2\/types\/page"}],"author":[{"embeddable":true,"href":"https:\/\/noveautodiely.sk\/index.php?rest_route=\/wp\/v2\/users\/1"}],"replies":[{"embeddable":true,"href":"https:\/\/noveautodiely.sk\/index.php?rest_route=%2Fwp%2Fv2%2Fcomments&post=854"}],"version-history":[{"count":18,"href":"https:\/\/noveautodiely.sk\/index.php?rest_route=\/wp\/v2\/pages\/854\/revisions"}],"predecessor-version":[{"id":858,"href":"https:\/\/noveautodiely.sk\/index.php?rest_route=\/wp\/v2\/pages\/854\/revisions\/858"}],"up":[{"embeddable":true,"href":"https:\/\/noveautodiely.sk\/index.php?rest_route=\/wp\/v2\/pages\/75"}],"wp:attachment":[{"href":"https:\/\/noveautodiely.sk\/index.php?rest_route=%2Fwp%2Fv2%2Fmedia&parent=854"}],"curies":[{"name":"wp","href":"https:\/\/api.w.org\/{rel}","templated":true}]}}