{"id":909,"date":"2017-08-30T10:08:22","date_gmt":"2017-08-30T08:08:22","guid":{"rendered":"https:\/\/noveautodiely.sk\/?page_id=909"},"modified":"2017-08-30T10:08:22","modified_gmt":"2017-08-30T08:08:22","slug":"autokozmetika","status":"publish","type":"page","link":"https:\/\/noveautodiely.sk\/?page_id=909","title":{"rendered":"AUTOKOZMETIKA"},"content":{"rendered":"<p>M\u00e1me v ponuke \u0161irok\u00fd sortiment kvalitnej kozmetiky doplnkov k jej applik\u00e1cii. V bl\u00edzkej dobe sa v\u0161etko objav\u00ed aj v na\u0161om&nbsp;<a href=\"https:\/\/eshop.noveautodiely.sk\/\" rel=\"external noopener noreferrer\" data-wpel-link=\"external\">ESHOP<\/a>e no zatia\u013e V\u00e1m ochotne vypracujeme cenov\u00fa ponuku na po\u017eiadanie.<\/p>\n<p>AUTOGLYM | TURTLE WAX | SHERON | CARLSON | 3M | COYOTE | ZOLLEX | K2 | CINOL<\/p>\n","protected":false},"excerpt":{"rendered":"<p>M\u00e1me v ponuke \u0161irok\u00fd sortiment kvalitnej kozmetiky doplnkov k jej applik\u00e1cii. V bl\u00edzkej dobe sa v\u0161etko objav\u00ed aj v na\u0161om&nbsp;ESHOPe no zatia\u013e V\u00e1m ochotne vypracujeme cenov\u00fa ponuku na po\u017eiadanie. AUTOGLYM | TURTLE WAX | SHERON | CARLSON | 3M | COYOTE | ZOLLEX | K2 | CINOL<\/p>\n","protected":false},"author":1,"featured_media":0,"parent":75,"menu_order":9,"comment_status":"closed","ping_status":"closed","template":"page-leftsb.php","meta":{"ngg_post_thumbnail":0},"_links":{"self":[{"href":"https:\/\/noveautodiely.sk\/index.php?rest_route=\/wp\/v2\/pages\/909"}],"collection":[{"href":"https:\/\/noveautodiely.sk\/index.php?rest_route=\/wp\/v2\/pages"}],"about":[{"href":"https:\/\/noveautodiely.sk\/index.php?rest_route=\/wp\/v2\/types\/page"}],"author":[{"embeddable":true,"href":"https:\/\/noveautodiely.sk\/index.php?rest_route=\/wp\/v2\/users\/1"}],"replies":[{"embeddable":true,"href":"https:\/\/noveautodiely.sk\/index.php?rest_route=%2Fwp%2Fv2%2Fcomments&post=909"}],"version-history":[{"count":1,"href":"https:\/\/noveautodiely.sk\/index.php?rest_route=\/wp\/v2\/pages\/909\/revisions"}],"predecessor-version":[{"id":910,"href":"https:\/\/noveautodiely.sk\/index.php?rest_route=\/wp\/v2\/pages\/909\/revisions\/910"}],"up":[{"embeddable":true,"href":"https:\/\/noveautodiely.sk\/index.php?rest_route=\/wp\/v2\/pages\/75"}],"wp:attachment":[{"href":"https:\/\/noveautodiely.sk\/index.php?rest_route=%2Fwp%2Fv2%2Fmedia&parent=909"}],"curies":[{"name":"wp","href":"https:\/\/api.w.org\/{rel}","templated":true}]}}